the millions digit of 44827358?
4
What is the ten thousands digit of 154946631?
4
What is the units digit of 181286570?
0
What is the thousands digit of 40266689?
6
What is the hundred thousands digit of 436932096?
9
What is the units digit of 233754100?
0
What is the hundred millions digit of 508565625?
5
What is the ten thousands digit of 63719978?
1
What is the millions digit of 9321136?
9
What is the thousands digit of 79937162?
7
What is the hundreds digit of 711734841?
8
What is the units digit of 3785607230?
0
What is the tens digit of 15871164?
6
What is the units digit of 512516630?
0
What is the tens digit of 124579043?
4
What is the ten millions digit of 2068686523?
6
What is the hundreds digit of 314402850?
8
What is the hundred thousands digit of 58724670?
7
What is the tens digit of 1671170311?
1
What is the ten millions digit of 63653281?
6
What is the ten millions digit of 1133490702?
3
What is the hundred thousands digit of 877193313?
1
What is the tens digit of 560342708?
0
What is the ten millions digit of 53767743?
5
What is the hundreds digit of 138516101?
1
What is the ten thousands digit of 343309238?
0
What is the ten thousands digit of 180325542?
2
What is the hundred thousands digit of 2349961?
3
What is the ten millions digit of 31699057?
3
What is the hundred thousands digit of 14927289?
9
What is the hundred thousands digit of 33686428?
6
What is the hundred thousands digit of 2471361066?
3
What is the hundred thousands digit of 950051507?
0
What is the thousands digit of 12269107?
9
What is the billions digit of 2834262614?
2
What is the hundreds digit of 15327298?
2
What is the hundreds digit of 5575086505?
5
What is the millions digit of 308897790?
8
What is the thousands digit of 1849663?
9
What is the hundreds digit of 4344186199?
1
What is the units digit of 1332255222?
2
What is the ten millions digit of 789340359?
8
What is the hundred thousands digit of 6757808218?
8
What is the tens digit of 46680023?
2
What is the hundreds digit of 364899563?
5
What is the ten millions digit of 957009704?
5
What is the hundred thousands digit of 49430982?
4
What is the ten millions digit of 139771919?
3
What is the thousands digit of 238071531?
1
What is the tens digit of 794978657?
5
What is the units digit of 28366839?
9
What is the millions digit of 321779443?
1
What is the hundred thousands digit of 1671463259?
4
What is the ten thousands digit of 710403?
1
What is the hundred thousands digit of 6310695159?
6
What is the hundred millions digit of 138769915?
1
What is the hundred millions digit of 2313824343?
3
What is the thousands digit of 18236469?
6
What is the hundred millions digit of 107616211?
1
What is the hundreds digit of 4974210552?
5
What is the hundreds digit of 659768?
7
What is the tens digit of 53467276?
7
What is the tens digit of 615067684?
8
What is the millions digit of 5863556?
5
What is the hundreds digit of 229567466?
4
What is the hundreds digit of 3057033917?
9
What is the hundred millions digit of 261608285?
2
What is the hundreds digit of 1974196074?
0
What is the millions digit of 15879058?
5
What is the hundreds digit of 155188477?
4
What is the units digit of 29389902?
2
What is the ten thousands digit of 316666788?
6
What is the thousands digit of 27264431?
4
What is the hundred thousands digit of 48778499?
7
What is the hundreds digit of 139832764?
7
What is the ten thousands digit of 380276098?
7
What is the units digit of 90775633?
3
What is the hundreds digit of 142045920?
9
What is the millions digit of 903299921?
3
What is the hundreds digit of 71119768?
7
What is the millions digit of 61313890?
1
What is the ten thousands digit of 106496438?
9
What is the units digit of 599379370?
0
What is the hundred millions digit of 1164949743?
1
What is the millions digit of 153175408?
3
What is the units digit of 58408451?
1
What is the hundred thousands digit of 248446715?
4
What is the millions digit of 1019570504?
9
What is the thousands digit of 53728761?
8
What is the hundred millions digit of 1273664122?
2
What is the ten millions digit of 61623736?
6
What is the ten thousands digit of 468584542?
8
What is the hundred thousands digit of 930628345?
6
What is the ten thousands digit of 2402017540?
1
What is the hundred thousands digit of 953328473?
3
What is the tens digit of 303113872?
7
What is the tens digit of 47598714?
1
What is the units digit of 448378298?
8
What is the millions digit of 37708121?
7
What is the ten millions digit of 321846035?
2
What is the hundreds digit of 5402347301?
3
What is the thousands digit of 134924196?
4
What is the units digit of 947841961?
1
What is the millions digit of 50258139?
0
What is the hundreds digit of 162153413?
4
What is the ten thousands digit of 938833008?
3
What is the thousands digit of 42040880?
0
What is the hundreds digit of 5613659880?
8
What is the ten thousands digit of 637450200?
5
What is the units digit of 277218928?
8
What is the hundred millions digit of 377849228?
3
What is the ten millions digit of 126782151?
2
What is the hundreds digit of 282948395?
3
What is the thousands digit of 127759587?
9
What is the hundreds digit of 2486418857?
8
What is the millions digit of 58473296?
8
What is the tens digit of 4552803296?
9
What is the units digit of 2379870546?
6
What is the millions digit of 44052276?
4
What is the billions digit of 1056157918?
1
What is the hundred millions digit of 1852563747?
8
What is the units digit of 46836515?
5
What is the units digit of 109100179?
9
What is the ten millions digit of 715743266?
1
What is the millions digit of 190918278?
0
What is the billions digit of 1906963688?
1
What is the ten thousands digit of 162538187?
3
What is the hundreds digit of 350435824?
8
What is the ten thousands digit of 227588630?
8
What is the ten millions digit of 24705922?
2
What is the tens digit of 957409258?
5
What is the thousands digit of 40148888?
8
What is the units digit of 26014254?
4
What is the ten millions digit of 147216425?
4
What is the ten thousands digit of 3878444515?
4
What is the billions digit of 1642707075?
1
What is the ten millions digit of 123228382?
2
What is the millions digit of 14569186?
4
What is the millions digit of 434186491?
4
What is the hundred millions digit of 752586060?
7
What is the units digit of 3779572?
2
What is the millions digit of 149780180?
9
What is the millions digit of 1954819454?
4
What is the thousands digit of 2470578329?
8
What is the units digit of 4629580476?
6
What is the units digit of 146946426?
6
What is the millions digit of 293794973?
3
What is the hundred thousands digit of 1760227372?
2
What is the units digit of 98063780?
0
What is the thousands digit of 114653612?
3
What is the hundreds digit of 434146822?
8
What is the units digit of 3679630555?
5
What is the ten millions digit of 158219905?
5
What is the billions digit of 5329892608?
5
What is the millions digit of 313005928?
3
What is the tens digit of 528324921?
2
What is the units digit of 93186607?
7
What is the units digit of 6305399400?
0
What is the hundred thousands digit of 189408809?
4
What is the hundreds digit of 44035980?
9
What is the hundreds digit of 1190406268?
2
What is the hundred thousands digit of 260089669?
0
What is the millions digit of 66250884?
6
What is the hundred thousands digit of 154183611?
1
What is the hundreds digit of 126813418?
4
What is the hundred millions digit of 174772798?
1
What is the hundred millions digit of 149619960?
1
What is the ten millions digit of 2598645506?
9
What is the units digit of 858085804?
4
What is the thousands digit of 129564670?
4
What is the hundreds digit of 45768718?
7
What is the hundred millions digit of 183518423?
1
What is the thousands digit of 4085687?
5
What is the millions digit of 81999727?
1
What is the thousands digit of 415651681?
1
What is the hundred millions digit of 324670558?
3
What is the ten millions digit of 111485471?
1
What is the tens digit of 787850554?
5
What is the ten millions digit of 1004541822?
0
What is the ten millions digit of 3315194667?
1
What is the ten thousands digit of 9031028645?
2
What is the tens digit of 32574560?
6
What is the units digit of 50043411?
1
What is the millions digi